{"id":1666,"date":"2023-11-08T21:59:01","date_gmt":"2023-11-09T00:59:01","guid":{"rendered":"https:\/\/dadosdr.uffs.edu.br\/?page_id=1666"},"modified":"2023-11-09T14:48:38","modified_gmt":"2023-11-09T17:48:38","slug":"unam","status":"publish","type":"page","link":"https:\/\/dadosdr.uffs.edu.br\/index.php\/unam\/","title":{"rendered":"UNaM"},"content":{"rendered":"\n<p>O Programa de P\u00f3s-Gradua\u00e7\u00e3o em Desenvolvimento e Pol\u00edticas P\u00fablicas (PPGDPP), Mestrado e Doutorado, disponibiliza os Acordos e Planos de Trabalho celebrados com a Universidad Nacional de Missiones (UNaM).<\/p>\n\n\n\n<p><\/p>\n\n\n\n<figure class=\"wp-block-table is-style-regular\"><table><tbody><tr><td class=\"has-text-align-center\" data-align=\"center\">Ordem<\/td><td>Acordo \/ Plano de trabalho<\/td><\/tr><tr><td class=\"has-text-align-center\" data-align=\"center\">1<\/td><td><a href=\"https:\/\/dadosdr.uffs.edu.br\/wp-content\/uploads\/2023\/11\/ACORDO-DE-COOPERACAO-UFFS-x-UNAM-Port..pdf\" target=\"_blank\" rel=\"noreferrer noopener\">Acordo-quadro de coopera\u00e7\u00e3o e interc\u00e2mbio acad\u00eamico, cient\u00edfico, tecnol\u00f3gico e cultural, que celebram a Universidade Federal da Fronteira Sul e a Universidad Nacional de Misiones<\/a><\/td><\/tr><tr><td class=\"has-text-align-center\" data-align=\"center\"><\/td><td><a href=\"https:\/\/dadosdr.uffs.edu.br\/wp-content\/uploads\/2023\/11\/ACORDO-DE-COOPERACAO-UFFS-x-UNAM-202.pdf\" target=\"_blank\" rel=\"noreferrer noopener\">Acuerdo marco de cooperaci\u00f3n e intercambio academico cientifico, tecnologico y cultural, celebrado entre la Universidad de la Frontera Sur y la Universidad Nacional de Misiones<\/a><\/td><\/tr><tr><td class=\"has-text-align-center\" data-align=\"center\">   .<\/td><td><\/td><\/tr><tr><td class=\"has-text-align-center\" data-align=\"center\">   .<\/td><td><\/td><\/tr><tr><td class=\"has-text-align-center\" data-align=\"center\">2<\/td><td><a href=\"https:\/\/dadosdr.uffs.edu.br\/wp-content\/uploads\/2023\/11\/ACORDO-UFFS-FCF-assinado.pdf\" target=\"_blank\" rel=\"noreferrer noopener\">Acordo Espec\u00edfico de coopera\u00e7\u00e3o e interc\u00e2mbio acad\u00eamico, cient\u00edfico, tecnol\u00f3gico e cultural, celebrado entre a Universidade Federal da Fronteira Sul e a Faculdade de Ci\u00eancias Florestais da Universidade Nacional de Misiones<\/a><\/td><\/tr><tr><td class=\"has-text-align-center\" data-align=\"center\"><\/td><td><a href=\"https:\/\/dadosdr.uffs.edu.br\/wp-content\/uploads\/2023\/11\/ACUERDO-UFFS-FCF-assinado.pdf\" target=\"_blank\" rel=\"noreferrer noopener\">Acuerdo Espec\u00edfico de cooperaci\u00f3n e intercambio academico, cientifico, tecnologico y cultural, celebrado entre la Universidad de La Frontera Sur y la Facultad de Ciencias Florestales de la Universidad Nacional de Misiones<\/a><\/td><\/tr><tr><td class=\"has-text-align-center\" data-align=\"center\">.<\/td><td><\/td><\/tr><tr><td class=\"has-text-align-center\" data-align=\"center\">.<\/td><td><\/td><\/tr><tr><td class=\"has-text-align-center\" data-align=\"center\">3<\/td><td><a href=\"https:\/\/dadosdr.uffs.edu.br\/wp-content\/uploads\/2023\/11\/ACORDO-ESP-UFFS-FHyCS-UNAM-2023-port-AS.pdf\" target=\"_blank\" rel=\"noreferrer noopener\">Acordo Espec\u00edfico de coopera\u00e7\u00e3o e interc\u00e2mbio acad\u00eamico, cient\u00edfico, tecnol\u00f3gico e cultural, celebrado entre a Universidade Federal da Fronteira Sul e a Faculdade de Ci\u00eancias Humanas e Sociais da Universidade Nacional de Misiones<\/a><\/td><\/tr><tr><td class=\"has-text-align-center\" data-align=\"center\"><\/td><td><a href=\"https:\/\/dadosdr.uffs.edu.br\/wp-content\/uploads\/2023\/11\/ACORDO-ESP-UFFS-FHyCS-UNAM-2023-esp-AS.pdf\" target=\"_blank\" rel=\"noreferrer noopener\">Acuerdo Espec\u00edfico de cooperaci\u00f3n e intercambio academico, cientifico, tecnologico y cultural, celebrado entre la Universidad de La Frontera Sur y la Facultad de Humanidades y Ciencias Sociales de la Universidad Nacional de Misiones<\/a><\/td><\/tr><tr><td class=\"has-text-align-center\" data-align=\"center\">.<\/td><td><\/td><\/tr><tr><td class=\"has-text-align-center\" data-align=\"center\">.<\/td><td><\/td><\/tr><tr><td class=\"has-text-align-center\" data-align=\"center\">4<\/td><td><a href=\"https:\/\/dadosdr.uffs.edu.br\/wp-content\/uploads\/2023\/11\/Acord.-Esp.-Cs.-Soc.-Aplic.-Por.pdf\" target=\"_blank\" rel=\"noreferrer noopener\">Acordo Espec\u00edfico de coopera\u00e7\u00e3o e interc\u00e2mbio acad\u00eamico, cient\u00edfico, tecnol\u00f3gico e cultural, celebrado entre a Universidade Federal da Fronteira Sul e a Faculdade de Ci\u00eancias Econ\u00f4micas da Universidade Nacional de Misiones<\/a><\/td><\/tr><tr><td class=\"has-text-align-center\" data-align=\"center\"><\/td><td><a href=\"https:\/\/dadosdr.uffs.edu.br\/wp-content\/uploads\/2023\/11\/Ac.-Esp.-Cs.-Soc.-APl.Espanhol.pdf\" target=\"_blank\" rel=\"noreferrer noopener\">Acuerdo Espec\u00edfico de cooperaci\u00f3n e intercambio academico, cientifico, tecnologico y cultural, celebrado entre la Universidad de La Frontera Sur y la Facultad de Ciencias Econ\u00f3micas de la Universidad Nacional de Misiones<\/a><\/td><\/tr><tr><td class=\"has-text-align-center\" data-align=\"center\">.<\/td><td><\/td><\/tr><tr><td class=\"has-text-align-center\" data-align=\"center\">.<\/td><td><\/td><\/tr><tr><td class=\"has-text-align-center\" data-align=\"center\">5<\/td><td><a href=\"https:\/\/dadosdr.uffs.edu.br\/wp-content\/uploads\/2023\/11\/PLANO-TRABALHO-ACORDO-UFFS-FCF-assinado.pdf\" target=\"_blank\" rel=\"noreferrer noopener\">Plano de trabalho &#8211; Acordo de coopera\u00e7\u00e3o t\u00e9cnica entre UFFS e Faculdade de Ci\u00eancias Florestais &#8211; UNaM<\/a><\/td><\/tr><tr><td class=\"has-text-align-center\" data-align=\"center\"><\/td><td><a href=\"https:\/\/dadosdr.uffs.edu.br\/wp-content\/uploads\/2023\/11\/Plan-de-trabajo-UFFS-FCF-UNAM-assinado.pdf\" target=\"_blank\" rel=\"noreferrer noopener\">Plan de Trabajo &#8211; Convenio de Cooperaci\u00f3n T\u00e9cnica entre la UFFS y la Facultad de Ciencias Florestales &#8211; UNaM<\/a><\/td><\/tr><tr><td class=\"has-text-align-center\" data-align=\"center\">.<\/td><td><\/td><\/tr><tr><td class=\"has-text-align-center\" data-align=\"center\">.<\/td><td><\/td><\/tr><tr><td class=\"has-text-align-center\" data-align=\"center\">6<\/td><td><a href=\"https:\/\/dadosdr.uffs.edu.br\/wp-content\/uploads\/2023\/11\/PLANO-DE-TRABALHO-UFFS-x-FHyCS-port-ASS.pdf\" target=\"_blank\" rel=\"noreferrer noopener\">Plano de trabalho &#8211; Acordo de coopera\u00e7\u00e3o t\u00e9cnica entre UFFS e Faculdade de Ci\u00eancias Humanas e Sociais &#8211; UNaM<\/a><\/td><\/tr><tr><td class=\"has-text-align-center\" data-align=\"center\"><\/td><td><a href=\"https:\/\/dadosdr.uffs.edu.br\/wp-content\/uploads\/2023\/11\/PLANO-DE-TRABALHO-UFFS-x-FHyCS-esp-ASS.pdf\" target=\"_blank\" rel=\"noreferrer noopener\">Plan de Trabajo &#8211; Convenio de Cooperaci\u00f3n T\u00e9cnica entre la UFFS y la Facultad de Humanidades y Ciencias Sociales &#8211; UNaM<\/a><\/td><\/tr><tr><td class=\"has-text-align-center\" data-align=\"center\">.<\/td><td><\/td><\/tr><tr><td class=\"has-text-align-center\" data-align=\"center\">.<\/td><td><\/td><\/tr><tr><td class=\"has-text-align-center\" data-align=\"center\">7<\/td><td><a href=\"https:\/\/dadosdr.uffs.edu.br\/wp-content\/uploads\/2023\/11\/Plan.-Trab.-Cs.-Soc.Aplic_.-Esp..pdf\" target=\"_blank\" rel=\"noreferrer noopener\">Plano de trabalho &#8211; Acordo de coopera\u00e7\u00e3o t\u00e9cnica entre UFFS e Faculdade de Ci\u00eancias Econ\u00f4micas &#8211; UNaM<\/a><\/td><\/tr><tr><td class=\"has-text-align-center\" data-align=\"center\"><\/td><td><a href=\"https:\/\/dadosdr.uffs.edu.br\/wp-content\/uploads\/2023\/11\/PLano-Trab.-Cs.-Soc.-Aplic.-Esp.pdf\" target=\"_blank\" rel=\"noreferrer noopener\">Plan de Trabajo &#8211; Convenio de Cooperaci\u00f3n T\u00e9cnica entre la UFFS y la Facultad de Ciencias Econ\u00f3micas &#8211; UNaM<\/a><\/td><\/tr><tr><td class=\"has-text-align-center\" data-align=\"center\"><\/td><td><\/td><\/tr><\/tbody><\/table><\/figure>\n\n\n\n<p><\/p>\n","protected":false},"excerpt":{"rendered":"<p>O Programa de P\u00f3s-Gradua\u00e7\u00e3o em Desenvolvimento e Pol\u00edticas P\u00fablicas (PPGDPP), Mestrado e Doutorado, disponibiliza os Acordos e Planos de Trabalho celebrados com a Universidad Nacional de Missiones (UNaM). Ordem Acordo \/ Plano de trabalho 1 Acordo-quadro de coopera\u00e7\u00e3o e interc\u00e2mbio acad\u00eamico, cient\u00edfico, tecnol\u00f3gico e cultural, que celebram a Universidade Federal da Fronteira Sul e a <a href=\"https:\/\/dadosdr.uffs.edu.br\/index.php\/unam\/\" class=\"more-link\">&#8230;<span class=\"screen-reader-text\">  UNaM<\/span><\/a><\/p>\n","protected":false},"author":3,"featured_media":0,"parent":0,"menu_order":0,"comment_status":"closed","ping_status":"closed","template":"","meta":{"footnotes":""},"class_list":["post-1666","page","type-page","status-publish","hentry"],"acf":[],"_links":{"self":[{"href":"https:\/\/dadosdr.uffs.edu.br\/index.php\/wp-json\/wp\/v2\/pages\/1666","targetHints":{"allow":["GET"]}}],"collection":[{"href":"https:\/\/dadosdr.uffs.edu.br\/index.php\/wp-json\/wp\/v2\/pages"}],"about":[{"href":"https:\/\/dadosdr.uffs.edu.br\/index.php\/wp-json\/wp\/v2\/types\/page"}],"author":[{"embeddable":true,"href":"https:\/\/dadosdr.uffs.edu.br\/index.php\/wp-json\/wp\/v2\/users\/3"}],"replies":[{"embeddable":true,"href":"https:\/\/dadosdr.uffs.edu.br\/index.php\/wp-json\/wp\/v2\/comments?post=1666"}],"version-history":[{"count":23,"href":"https:\/\/dadosdr.uffs.edu.br\/index.php\/wp-json\/wp\/v2\/pages\/1666\/revisions"}],"predecessor-version":[{"id":1692,"href":"https:\/\/dadosdr.uffs.edu.br\/index.php\/wp-json\/wp\/v2\/pages\/1666\/revisions\/1692"}],"wp:attachment":[{"href":"https:\/\/dadosdr.uffs.edu.br\/index.php\/wp-json\/wp\/v2\/media?parent=1666"}],"curies":[{"name":"wp","href":"https:\/\/api.w.org\/{rel}","templated":true}]}}